 - -36. Let j = 73 + m. Calculate the remainder when j is divided by 19/(-3)*3*-1.
17
Let h be (24/9)/((-2)/39). Let t = h - -85. Let c = t - 22. Calculate the remainder when 54 is divided by c.
10
Let y(z) = 25*z - 1. Let g(m) = 5*m**2 - 8*m - 18. Calculate the remainder when g(-4) is divided by y(1).
22
Let w be (-1)/(-3) - 145/3. Let o = 97 + w. What is the remainder when o is divided by ((-34)/(-4))/((-1)/(-2))?
15
Suppose -5*u - 15 = 0, 7*x - 144 = 4*x - u. Let k be (-216)/14 - (2 - 30/21). Let s = x + k. Calculate the remainder when s is divided by 9.
6
Let w = 2368 + -2287. What is the remainder when 92 is divided by w?
11
Suppose -7*b = -2*b + h - 320, 0 = 2*b + 5*h - 151. Let o(y) = -23*y - 7. What is the remainder when b is divided by o(-1)?
15
Let p(i) = 8*i**2 - 4*i. Let m be p(1). Suppose 39 + 49 = m*h. Calculate the remainder when h is divided by 6.
4
Let l = -128 + 327. Calculate the remainder when l is divided by 25.
24
Suppose 0 = -6*d + 2*d + 8, 2*l - d - 18 = 0. Let k = l + 4. Calculate the remainder when 68 is divided by k.
12
Suppose 32 = 3*a - 31. Calculate the remainder when ((-6)/(-27)*41)/((-1)/(-9)) is divided by a.
19
Suppose 10*c - 243 + 43 = 0. What is the remainder when 79 is divided by c?
19
What is the remainder when (4/(-6))/((-14)/1722*1) is divided by 3?
1
Let i = 8 - 1. Calculate the remainder when 50554/3140 - ((-22)/(-20) - (2 + -1)) is divided by i.
2
Let v = -26 + 61. Let t = -386 + 262. Let c = t - -262. Calculate the remainder when c is divided by v.
33
Let g(b) = 4*b**2 - 6*b + 8. What is the remainder when 393 is divided by g(2)?
9
Let h be 2/(3 + (-39)/15). What is the remainder when h/(-15) - (-543)/9 is divided by 16?
12
Let s(r) = r**3 - 4*r**2 + 6*r - 3. Suppose 5*k - 66 = 9. Suppose -5*a + 5 + k = 0. Calculate the remainder when 83 is divided by s(a).
20
Let n = 20 + -14. Suppose -f = -n*f. Let k(x) = x**3 + x**2 - x + 106. Calculate the remainder when k(f) is divided by 27.
25
Suppose 715 - 2851 = -24*s. Calculate the remainder when 1156 is divided by s.
88
Suppose -9 = -3*t + 3. Suppose 3*x - 38 = t*s, 4*s + 11 = x + s. What is the remainder when 44 - 2 - (-6)/(-3) is divided by x?
12
Let g(p) = 2*p**3 + 8*p**2 + 9*p + 8. Let w(o) = -o**3 - 9*o**2 - 9*o - 8. Let c(h) = 2*g(h) + 3*w(h). What is the remainder when 82 is divided by c(12)?
26
Let d(t) = t**2 - 6*t - 2. Let a be ((-7)/2)/((-3)/6). Calculate the remainder when 19 + -2 - 0/(-2) is divided by d(a).
2
Let i(p) = 3*p + 2. What is the remainder when (-3)/(-24)*428 - (-4)/8 is divided by i(4)?
12
Let y = -991 + 1034. What is the remainder when y is divided by 2/9 + (-316)/(-36)?
7
Suppose -l + 2*w + 4 = 0, -l - 2*l + 12 = -3*w. Calculate the remainder when 33*(3 - 11/(198/48)) is divided by l.
3
Let n = -1450 - -1623. Calculate the remainder when n is divided by 60.
53
Let m(d) = 4*d**2 + 3*d - 23. What is the remainder when 371 is divided by m(-4)?
23
Suppose -6*t - t - 63 = 0. Let u = t + 35. What is the remainder when 75 is divided by u?
23
Let w be 44 + -3 + 4 + 5. Suppose -49*l - 37 = -w*l. What is the remainder when 219 is divided by l?
34
Let c = -163 + 245. What is the remainder when c is divided by 22?
16
Suppose -5*d - 26 = -3*f + 9, 4*d - 68 = -4*f. Suppose 2 = 2*m, -4*l = -6*l + 4*m + 36. What is the remainder when (234/f)/(-2)*-5 is divided by l?
19
Let g(t) = t**2 - 3*t + 7. Let y be g(4). Let l = 8 - y. What is the remainder when 12 is divided by l*(0 + -2) - -2?
4
Suppose 707 = 2*d - 2*r - 145, 0 = -4*d - 5*r + 1668. Calculate the remainder when d is divided by 47.
46
Suppose 4*b = 5*y + 1104, 2*b - 2*y + 6*y = 526. What is the remainder when b is divided by 34?
33
Suppose 4*w = -6 + 34. Suppose 11*s = w*s + 12. Suppose 5*t - 5 = 0, i + 122 = s*i - 2*t. What is the remainder when i is divided by 16?
14
Suppose -27*s + 1770 = -21*s. Calculate the remainder when s is divided by 9.
7
Suppose -5*u = 3*n + 76, 4*n + 73 = 4*u - 9*u. Let w = 53 + u. Calculate the remainder when 107 is divided by w.
35
Calculate the remainder when (1626/(-12) + -7)*(-4)/6 is divided by 24.
23
Let y(o) = -8*o + 4*o + 3*o + 20. Let j be y(10). What is the remainder when 24 is divided by (-52)/(-20)*j/2?
11
Suppose h - 12 - 75 = -z, -z = -5*h + 453. Let b = -59 - -120. Suppose 62*l - b*l = 23. What is the remainder when h is divided by l?
21
Let l be -16*(1 + 0) - 2. Let w be 7*1/((-3)/l). Suppose 8*g - 5*g - w = 0. Calculate the remainder when g is divided by 8.
6
Suppose -57*m + 65*m = 3256. What is the remainder when m is divided by 51?
50
Let b = -11 - -52. What is the remainder when (-242)/((3 - 10/1) + (-10)/(-2)) is divided by b?
39
What is the remainder when (-11460)/(-40)*4/6 is divided by 39?
35
Suppose l - 3*l - w = -8, -18 = -4*l - 3*w. Suppose 0 = -3*y + v + 106, 2*y = -l*y + 5*v + 160. What is the remainder when y is divided by 13?
11
Let a be -3*(2/(-6))/(2/14). Let k(q) = q + 12. Calculate the remainder when 94 is divided by k(a).
18
Let n(j) be the second derivative of 0 + 5/6*j**4 + 3/2*j**2 - 7/6*j**3 + 9*j - 1/20*j**5. What is the remainder when n(9) is divided by 11?
10
Let h = 20 + -10. Let a = 7 + -10. Calculate the remainder when (76/(-6))/(1/a) is divided by h.
8
Suppose -4*b - 2*p + 40 = 0, -5*b + 2*p + 11 = -21. What is the remainder when b is divided by 5?
3
What is the remainder when (320/30 - 16)*27/(-4) is divided by 34?
2
Let l(h) = 2*h + 4. Let g(z) = -z**2 - 10*z - 12. Let n be g(-8). What is the remainder when 70 is divided by l(n)?
10
Suppose -5*n + 1839 - 7779 = -5*l, -5*l - 2*n + 5926 = 0. Calculate the remainder when l is divided by 17.
13
Suppose -x - x = 8. Let a(n) = -10*n + 4. Let w be a(x). Suppose -2*u + 4*u = w. Calculate the remainder when 87 is divided by u.
21
What is the remainder when 15/(-15 - -18) - (-228 + 0) is divided by 62?
47
Let x(k) = k**3 - 7*k**2 - 41*k + 36. What is the remainder when x(11) is divided by 21?
6
Let u(j) = 8*j - 14. Let z be u(-5). Let t = z - -72. Calculate the remainder when 53 is divided by t.
17
Suppose 4*r = 2*g + 180, 4*r + 24*g - 22*g - 196 = 0. Calculate the remainder when r is divided by 18.
11
What is the remainder when -256*(87/(-116) + (-1)/(-4)) is divided by 5?
3
Let c = 47 + -17. What is the remainder when 109 is divided by c?
19
Let m = -15 - -12. Calculate the remainder when 7 is divided by 2 - 12/4 - (m + 0).
1
Suppose 4466 - 30656 = -45*z. What is the remainder when z is divided by 98?
92
Let w = 8 - 5. Suppose -w*x + 5*x - 6 = 0. Suppose 2*m = -h + 21, -x*m = 2*h - 16 - 15. What is the remainder when 30 is divided by m?
8
Suppose 0*o + o - 23 = 3*t, -5*o - 2*t + 64 = 0. Calculate the remainder when 11 is divided by -4 + o + -3 - -2.
2
Let x = 614 - 371. Calculate the remainder when x is divided by 5.
3
Suppose -170*h = -162*h - 8416. Calculate the remainder when h is divided by 17.
15
Suppose 1501 + 1731 = 16*c. Calculate the remainder when c is divided by 101.
0
Let v(m) = m**3 + 7*m**2 + 11*m + 13. Let i be 0 - (3 - (-3)/(-3)). What is the remainder when 1 - (-45)/i*-2 is divided by v(-3)?
14
Suppose 8*v - 2047 = -15*v. What is the remainder when v is divided by 18?
17
Let l(d) = d**3 - 20*d**2 + 22*d - 33. What is the remainder when 91 is divided by l(19)?
19
Let s = -100 - -194. Suppose 4*v - v - 60 = -2*a, -2*a - s = -4*v. What is the remainder when v is divided by (-2 + 1)/(3/(-18))?
4
Suppose -2*f - 70 = -3*u, 0*u + 3*f = 2*u - 55. Suppose u = 5*i, d - 60 = -2*d - 3*i. Calculate the remainder when d is divided by 11.
5
Suppose 10 = 2*u + 256. Let y = -113 - u. Suppose 0 = 2*c - 0*c - 92. Calculate the remainder when c is divided by y.
6
Let j(m) = -m - 3. Let w(k) = -k - 4. Let h be w(-7). Let g be j(h). Calculate the remainder when (-88)/(-6) + g/(-18) is divided by 4.
3
Suppose -18*y = -23*y + 1340. What is the remainder when y is divided by 23?
15
Let b(j) = 8*j**2 - 3*j**2 + j**3 + 2*j**2 - 1 + 3. Let w be b(-7). Let f = 3 - w. Calculate the remainder when 3 is divided by f.
0
Let q(s) = -s + 1. Let x(y) = -6*y + 9. Let o(j) = -3*q(j) + x(j). What is the remainder when o(-4) is divided by 5?
3
Suppose 3*s - 5*s + 152 = 0. Suppose -2*z + 67 = 15. What is the remainder when s is divided by z?
24
Suppose -377 = -4*n + 163. Let w = n - -435.